/(2/(-4)). What is the units digit of t(j)?
1
Let b(s) = -s**3 + 7. Suppose -2*i = -6*i. Let h be b(i). What is the units digit of (3 - 10/2) + h?
5
Let g be (-6 - 0)/2 + -3. Let i = -3 - g. What is the units digit of i?
3
Let i(q) = 5*q - 2. What is the units digit of i(6)?
8
Let v = -20 + 32. What is the tens digit of (v - (1 + -2)) + -3?
1
Let y be (-8)/20 + 18/(-5). What is the tens digit of (y - -1) + (13 - -1)?
1
What is the units digit of (854/(-42))/(1/(-6))?
2
Suppose 72 = -10*z + 13*z. What is the units digit of z?
4
Suppose 5*o + 0*u - 30 = 4*u, -5*u = 5*o + 15. Let w = 7 + o. What is the units digit of w?
9
Let x(k) = 0 - 1 + 51*k**3 + 3*k - 3*k + k + k**2. Let i be x(1). Suppose i = 3*a + 13. What is the tens digit of a?
1
Suppose -4*k = -5*k + 65. What is the tens digit of k?
6
Let z be ((-18)/(-15))/(2/5). What is the units digit of 3 + (-1)/(z/6)?
1
Suppose 5*x - 2*b - 16 = 0, -2*x = -3*b - 1 - 1. Suppose 4*o - x*h = 28, 4*h - h + 19 = 2*o. What is the units digit of o?
2
Let p be -2 - (1 + -2)*6. Suppose -p*a + 5*w + 126 = 0, 0*w + 124 = 4*a - 4*w. What is the tens digit of a?
2
Let y = 69 + -49. Suppose -y - 18 = -v. Suppose 0 = -4*a - 10 + v. What is the units digit of a?
7
Let n = -9 - -4. Let x(t) = t**3 + 5*t**2 + t + 5. Let z be x(n). Let d = 13 + z. What is the units digit of d?
3
Suppose r = 2*r + k - 13, k = -3*r + 37. What is the tens digit of r?
1
Let h(k) be the first derivative of -k**3/3 + 3*k**2 - k - 1. What is the units digit of h(5)?
4
Suppose -3*z + 25 = 3*c - z, -3*c = -5*z - 53. Suppose -3*x = -4*x + c. What is the tens digit of x?
1
Suppose 0*s = 5*s - 15. Suppose -z = -s*z + 2. What is the units digit of z?
1
Suppose 9*b = 4*b + 240. What is the units digit of b?
8
Let r(n) = -n**2 - 13*n + 16. What is the units digit of r(-7)?
8
Let d(b) = 7*b - 11. What is the units digit of d(9)?
2
Suppose 2*i - 7 = 3*o, 4 = -5*o + 19. Suppose 0 = 7*k + 2*k. Let r = i + k. What is the units digit of r?
8
What is the tens digit of 55 - -6*6/(-9)?
5
Let k be (12/(-4))/((-1)/(-3)). Let w be (-141)/27 + (-2)/k. Let g = 13 + w. What is the units digit of g?
8
Suppose -2*t = 2*t + 76. Let v = -10 - t. What is the units digit of v?
9
Let a be ((-3)/(-2))/(4/(-8)). Let n(j) be the second derivative of j**4/12 + j**3/2 + j**2/2 + 8*j. What is the units digit of n(a)?
1
Suppose 0 = 3*j - 5*j + 10. Suppose -5*q - 12 = -2*r, -j*r - 3*q - q = -63. What is the tens digit of r?
1
Let w = 8 + -4. Suppose -3*h = -4*t + 20, 2 = -t + 4*h + 7. Suppose -3*n = -t*n + w. What is the units digit of n?
2
Let u(f) = -3*f**3 - 6*f**2 + 3*f. Let y(j) = 4*j**3 + 7*j**2 - 4*j. Let g(d) = -5*u(d) - 4*y(d). What is the units digit of g(-1)?
2
Suppose -4*t + 778 = -2*d + 134, 2*t - 3*d = 330. What is the tens digit of t?
5
Let c(r) = 3*r**2 + 3*r - 3. What is the tens digit of c(3)?
3
Suppose o + 3*k = 144, o - 4*k - 174 = -k. What is the units digit of o?
9
Let s = -72 + 126. What is the tens digit of s?
5
Suppose o = 3*u + 10 - 0, 0 = -4*o + u + 18. Suppose 0 = 2*p + o - 12, 4*p = 3*g - 47. What is the units digit of g?
1
What is the units digit of (-4)/(-20)*2*395?
8
Suppose -28 = -4*t + 3*t + 3*p, 3*p - 60 = -3*t. What is the units digit of t?
2
Let i be ((-4)/3)/(12/(-18)). What is the units digit of (1/i)/(3/60)?
0
Let d(v) = 22*v**2 + 7*v - 4. What is the units digit of d(3)?
5
Suppose -3*s + 6 = -6. What is the units digit of -1 - 0 - (s - 6)?
1
Let d(a) = -6*a**2 + a + 6. Let n(k) = 7*k**2 - k - 6. Let z(o) = -6*d(o) - 5*n(o). What is the tens digit of z(5)?
1
Let a(v) = -4*v - 8. What is the units digit of a(-13)?
4
Suppose 4*y = 8*y. Suppose 2*f - 6 - 12 = y. Suppose -f = -2*i + 7. What is the units digit of i?
8
Let t = -73 + 136. Suppose 3*w - t = 3*s, -3*s + 0*s = 0. What is the tens digit of w?
2
Let t = -3 - -6. Suppose 0 = t*s - 19 - 29. What is the units digit of s?
6
Let z = -513 + 775. What is the hundreds digit of z?
2
Suppose -14 - 6 = 4*j. What is the units digit of (-4)/(-6)*(j - -20)?
0
Let w = 309 - 152. What is the hundreds digit of w?
1
Let z(y) be the first derivative of 1 - 1/3*y**3 - y - 1/4*y**4 - y**2. What is the units digit of z(-1)?
1
Suppose 3*t - 74 = -8. What is the units digit of t?
2
Let u(j) = j**2 - 1. Let n be u(1). Suppose n = -0*p - 3*p + 12. What is the units digit of (-4)/(-1) - (-8)/p?
6
Let n(q) = -2*q - 3. Let k be n(-2). Let z(a) = 8*a. What is the units digit of z(k)?
8
Let y = 2 - 1. Let n = y + 4. What is the units digit of n?
5
Suppose 3*w = 7*w - 16. Suppose -4*c + 20 = 0, 7*t - 3*t = -w*c + 52. What is the units digit of t?
8
Let w = -66 + 70. What is the units digit of w?
4
Suppose 5*s = -5 - 5. What is the units digit of 6 - s*(-6)/4?
3
Suppose 13 = k - 10. Let n(g) = -g**3 - 6*g**2 + 9*g + 9. Let r be n(-7). Let v = k + r. What is the tens digit of v?
1
Let f = -757 - -1074. What is the units digit of f?
7
Let i be -3*2 + 1 + 3. What is the units digit of (i/(-6))/(4/48)?
4
Let g = 198 + -98. Suppose -p - 4*p = -g. Suppose p = 5*h - 15. What is the units digit of h?
7
Let c = 0 + 2. What is the units digit of c?
2
Suppose -2*v - 34 + 104 = 0. What is the units digit of v?
5
Suppose -2*x = 2*i - 3*i, 3*i = -5*x - 11. What is the tens digit of i + (-1)/((-2)/62)?
2
Let t(z) be the first derivative of z**4/4 - 11*z**3/3 + 2*z**2 - 13*z - 3. Let o be t(11). Suppose -3*w - 13 = -o. What is the units digit of w?
6
Suppose 3 = p + 2. What is the units digit of (p/2)/((-2)/(-12))?
3
Let a(t) = -t - 2. Let n be a(2). Suppose -4*p + 42 = -4*k - 14, 16 = 4*k. Let o = n + p. What is the units digit of o?
4
Let p be 93 + (1 - -2) + 3. Suppose -3*t - 1 = 2, 4*n + 5*t - p = 0. What is the units digit of n?
6
Let b(a) = 56*a - 3. What is the units digit of b(1)?
3
Let d be (0/2)/(-1) + -17. Let z = -29 - d. Let h = z - -19. What is the units digit of h?
7
Let u(p) = -2*p + 8. Let f be u(5). What is the units digit of -20*f/4 - 2?
8
Let u be (-4)/(-16) - 46/(-8). Let b(t) be the third derivative of -t**5/60 + t**4/4 + t**3/6 - t**2. What is the units digit of b(u)?
1
Let o(j) = -j + 1. Suppose 5*y + 2*i = -19, i = -y + 3*i + 1. What is the units digit of o(y)?
4
Suppose -13*k - 292 = -17*k. What is the units digit of k?
3
Let v(d) = d**3 - 6*d**2 + 7*d - 4. Let y be v(5). What is the tens digit of y/4 - (-316)/8?
4
Let x be -1 - (-9)/3*2. Suppose -x*s + 46 = -24. Suppose -z + s = z. What is the units digit of z?
7
Let i(f) be the first derivative of -f + 1/2*f**2 - 2. What is the units digit of i(4)?
3
Let m(q) be the first derivative of q**2/2 + 3*q + 3. What is the units digit of m(4)?
7
Let m = -13 - -35. Suppose r = 4*x - m, 3*r + x = -4*x + 2. Let n = r + 14. What is the units digit of n?
8
Let a be 299/7 + (-2)/(-7). Suppose -s + a = -0*s. Suppose 0 = -5*o + s - 13. What is the units digit of o?
6
Let f(o) = -2*o**3 - 2*o**2 + o. Let p be f(-2). Let y = -4 + p. Let b(a) = 2*a - 3. What is the units digit of b(y)?
1
Let q = 0 - -4. Suppose z - 1 = -q*w, w + 4*w = z - 19. What is the units digit of z?
9
Suppose 0 = -g + 1, -5*t = -10*t - 4*g + 89. What is the tens digit of t?
1
Suppose -7*s + 2 = -6*s. What is the units digit of s*-1 + (-60)/(-10)?
4
Suppose 0 = 3*s - 0*s - b + 7, -4*b + 11 = 5*s. Let o be (s/3)/(2/(-12)). Let k = o + 1. What is the units digit of k?
3
Let v = 22 + -16. Suppose v - 22 = -4*z. What is the units digit of z?
4
Suppose z = 4*k - 0*z - 20, 38 = 3*k + 5*z. What is the units digit of k?
6
Suppose 0*r - 5*r + 5*w = 15, -3*r - w = 5. Let s = r + 4. Suppose -s = -m - 1. What is the units digit of m?
1
Suppose -3*u = -2*x + 529, -4*u = 2*x - 3*x + 277. What is the hundreds digit of x?
2
Suppose -2*h = 3*h - 2*v - 4, h = 5*v + 10. Suppose h = -z + 2*z - 2. Suppose -7*i + 50 = -z*i. What is the tens digit of i?
1
Suppose -i = -5*o - 66, -4*i + 56 = -o - 3*o. Let s = 2 - o. What is the tens digit of s?
1
Let a be (-2)/(4/(-2) + 1). Let s(d) = -a*d**2 - 5*d - 6 + 0*d**2 + 3*d**2. What is the units digit of s(7)?
8
Suppose -2*r = -2 - 4. Suppose r*o - b = 2*b + 9, 4*b = -3*o + 37. What is the tens digit of 2/(o/(357/6))?
1
Suppose -12 = -2*d - 4*r, 5*r - 4 = -2*d + 9. Let h(a) = -4 - 1 + a + 1 + 1. What is the units digit of h(d)?
1
Suppose 63 = m - 63. What is the tens digit of m